 What are the prime factors of -5*(3 - m/20)?
2
Let p = -38 - -344. Let s = p - 190. List the prime factors of s.
2, 29
Let x be 20/(-15)*69/(-2). Let k = x - 17. What are the prime factors of k?
29
Let g(n) = n**2 - 11*n + 83. List the prime factors of g(-26).
5, 11, 19
Let s(f) = -103*f - 164. List the prime factors of s(-8).
2, 3, 5, 11
Suppose 2 = -11*p + 10*p. What are the prime factors of (-1460)/(-30)*(-3)/p?
73
Suppose 4*v - 3 = -y, 5*v + 2*y + 3*y = 15. Suppose v = -7*m + 8*m. Suppose -4*n + 12 + 0 = m. List the prime factors of n.
3
Let l(v) = -v + 7. Let u be l(7). Suppose -m + u*m = -218. What are the prime factors of m/10 - (-4)/(-5)?
3, 7
Let j = -1951 - -4102. List the prime factors of j.
3, 239
Suppose 0 = 6*y - 418 - 32. Suppose -j + 3*n + 75 = -0*n, j = -2*n + y. What are the prime factors of j?
3, 5
Let o(a) = -8*a**2 - 1. Let x be o(-1). Let l(n) = -n**2 - 9*n. Let m be l(x). Suppose 3*b = -m*b + 135. List the prime factors of b.
3, 5
Let b(v) = 76*v - 497. List the prime factors of b(47).
3, 5, 41
Suppose -i - 2*a = -3 - 13, 5*a - 50 = -3*i. Suppose 5*n = -8*h + 11*h - 135, 2*h - 94 = 2*n. Suppose h + i = 5*o. List the prime factors of o.
2, 7
Let a = -54 + 52. What are the prime factors of ((-2 - a) + -4)/(-2)?
2
Let w be 1 + 2 - -136 - 2. Let f = w - 75. What are the prime factors of f?
2, 31
Let k(o) = 7*o - 20. Let j(x) = -6*x + 19. Let p(f) = -3*j(f) - 2*k(f). Let r be p(5). Suppose -r = 2*h - 19. What are the prime factors of h?
2
Let o = 37 - 20. Let w(f) = 0*f**2 + 2 + 4 - o*f + 0*f**2 + 3*f**2. List the prime factors of w(7).
2, 17
Let h(l) = -7*l**2 + 7*l + 23. Let v(b) = -b**2 + b. Let d(p) = -h(p) + 5*v(p). What are the prime factors of d(6)?
37
Suppose -5*x - 1 = 4*j + 3, -2*j + 4*x - 2 = 0. Let f(a) = -43*a**3 + a**2. Let v be f(j). Suppose 0 = -t - t + v. What are the prime factors of t?
2, 11
Let r = -321 + 640. What are the prime factors of r?
11, 29
Let m = 15 - 15. Suppose m = -5*o - o - 72. Let h(i) = i**3 + 11*i**2 - 16*i - 12. List the prime factors of h(o).
2, 3
Let c(r) be the first derivative of -r**2 - 8*r + 6. Let v be 4/14 - 44/7. List the prime factors of c(v).
2
Suppose 0 = t - 0 - 2. Suppose -4*j = -5*h - 18, t*h = -4*j - 2*h. Suppose -j*b + 34 = -22. What are the prime factors of b?
2, 7
Suppose 55*p - 101*p + 142830 = 0. List the prime factors of p.
3, 5, 23
Suppose 2*o - 6 = -0. Suppose -2*z - 396 = -2*i + o*z, -792 = -4*i - 2*z. Suppose -5*u - 4*f = -i, 4*u = -0*u + 5*f + 183. What are the prime factors of u?
2, 3, 7
Let o(l) = -69*l + 21. List the prime factors of o(-5).
2, 3, 61
Let c = 14 - 19. Let a(v) = -v - 4. Let h be a(c). List the prime factors of 66 + -11 - -1*h.
2, 7
Suppose 2*c - 19*c + 5015 = 0. What are the prime factors of c?
5, 59
Let c(u) = 2*u**2 - 6*u + 5. Let k be 5/(-2)*(-36)/15. Suppose -3*f + k + 9 = 0. What are the prime factors of c(f)?
5
Let b(f) = f**2 + 3*f + 2. Suppose -y - 2*c - 3 = 0, 2*c - 4 = -4*y + 8. What are the prime factors of b(y)?
2, 3, 7
Let i(j) = 3*j**2 + j + 2. Let k(b) = b**3 - 6*b**2 - 8*b + 5. Let p = 0 - -7. Let h be k(p). List the prime factors of i(h).
2, 3
Let l(z) be the second derivative of z**5/10 - 5*z**4/3 + z**3 - 17*z**2/2 + 16*z. List the prime factors of l(10).
43
Suppose 4*z + 0 + 8 = 2*g, 0 = -5*g - 20. Let u = 71 + z. List the prime factors of u.
67
Let h = 0 - -5. Suppose h*x - 16 = -1. Suppose -2*z - x*i = -5*z, -2*i - 6 = -5*z. What are the prime factors of z?
2
Let z(o) = o**3 + 19*o**2 - o + 28. List the prime factors of z(-18).
2, 5, 37
Suppose -4*t = -5*s - 0*t - 7, 4*s - t = 1. What are the prime factors of s/2 + 1507/22?
3, 23
Suppose -3 = g - v, 5*g + 11 = 3*v - 0*v. Let y = g + 1. Suppose -d + 0*d = -a - 66, y = 5*d + a - 312. List the prime factors of d.
3, 7
Let d(y) = y**3 - y**2 + y + 4. Let a be d(0). Suppose 0*f - a*f + z = 19, 0 = -3*f + z - 15. What are the prime factors of f - (-4 - (40 + -4))?
2, 3
Let z(f) = -f**3 - 24*f**2 - 22*f + 19. List the prime factors of z(-25).
2, 3, 199
Suppose -93 - 59 = -4*z. Let t = -53 + z. Let d(l) = -l + 13. What are the prime factors of d(t)?
2, 7
Suppose -23*d + 25*d + 2 = 0. List the prime factors of d - (-1570)/8 - (-3)/(-12).
3, 5, 13
Let v = -2 - 7. Let j(o) = 2*o**2 - 7*o - 5. What are the prime factors of j(v)?
2, 5, 11
Let g(p) = -10*p - 5. Let c be g(-6). Suppose -42 = x - 5*s, 41*x = 40*x - s - 30. Let w = c + x. What are the prime factors of w?
23
Let p = 1718 - 744. What are the prime factors of p?
2, 487
Let o(g) = -3*g - 8. Let i(c) = c**3 - 4*c**2 + 2. Let w be i(4). Suppose w*m - 3 = -17. What are the prime factors of o(m)?
13
Let f(m) be the second derivative of m**4/12 - 2*m**3 + 2*m**2 + 3*m. Let a be f(12). What are the prime factors of (-106)/(-10) - a/(-10)?
11
Suppose 0 = -b - 5*j + 19, 4*b - 3*b = -2*j + 10. Suppose 0 = -b*w + 2*p + 3*p + 1153, w - 292 = 2*p. What are the prime factors of w?
2, 3, 47
Let n(f) = f**2 + 10*f + 3. Let o be n(-10). Suppose 3*u + o*c - 220 = c, -u + 75 = c. List the prime factors of u.
2, 5, 7
Let z(c) = 9*c + 3. Let n be z(2). Suppose 2*t - t - 16 = 5*a, a - n = -2*t. List the prime factors of t.
11
Let k(t) = t**3 - 18*t**2 - 18*t - 19. Let r be k(19). Let m(z) = -2*z**3 - z + 60. List the prime factors of m(r).
2, 3, 5
Let r be (7 - 11)*30/(-8). Suppose 5*a + 5 - r = 0. List the prime factors of a.
2
Let q(l) = l + 5. Let w be q(-4). Let b = w + 10. What are the prime factors of b?
11
Let x(f) = 31*f**2 - f + 2. Let g(m) = 3*m**2 + 17*m - 5. Let a be g(-6). List the prime factors of x(a).
2
Let c(h) = 3*h**3 - 2*h**2 + 2*h - 5. Let v be c(-3). Let n = 210 + v. What are the prime factors of n?
2, 5
Suppose -4 = i, -4*g - 212 = -5*i + 36. Suppose 0 = -3*k + k - 5*a - 255, a + 363 = -3*k. Let j = g - k. List the prime factors of j.
53
Let k(f) = 3*f + 40. Let u be k(-28). What are the prime factors of (-7048)/u + (-2)/11?
2, 5
Suppose -2*w = w - 12. Suppose -3*s = 4*x - 386, -w*s + 506 = x - 0*x. Let d = -86 + s. List the prime factors of d.
2, 5
Let n be 30/((-39)/(-30) - 1). Suppose -2*o - n = -o. What are the prime factors of (-6)/(-9) - o/3?
2, 17
Let m(f) = 92*f**3 - 9*f**2 + 3*f - 12. What are the prime factors of m(3)?
2, 3, 5
Let d(u) = -27*u + 17. Let v(y) = 189*y - 117. Let i(w) = 15*d(w) + 2*v(w). What are the prime factors of i(-7)?
2, 3, 5, 7
Let a = -8 + 10. Let w be ((-1)/a)/(1/(-4)). Suppose 3*y = w*r - 2*y - 14, -4*r + 16 = -4*y. What are the prime factors of r?
2
Suppose 0 - 10 = -2*q. Let j be 153/45 + (-2)/q. Suppose 0*v = 4*v - o - 64, v + j*o - 16 = 0. List the prime factors of v.
2
Let w(y) = 11*y - 41. Let b be (3*280/(-63))/((-4)/6). What are the prime factors of w(b)?
179
Let u(c) = -c**3 - 24*c**2 - 19*c + 76. List the prime factors of u(-24).
2, 7, 19
Let m = -197 - -57. Let i be m/8*4/(-5). Let o = 12 + i. What are the prime factors of o?
2, 13
Suppose 5*k + 5680 = 4*f, 2*f + 0*f - 2846 = k. What are the prime factors of f?
3, 5, 19
Let l(c) = -c**2 + 55*c - 7. List the prime factors of l(16).
617
Let h(n) = -n**3 + 8*n**2 - 7*n - 2. Let p be h(7). Let i be -44*(18/(-8) - p). Let y(m) = -m**2 + 14*m - 4. List the prime factors of y(i).
29
Suppose -77 + 668 = 3*d. What are the prime factors of d?
197
Suppose 3*u - 19 = -0*u - 5*y, -u - 5*y + 23 = 0. What are the prime factors of (-4)/(-12)*208 + u/6?
3, 23
Let c(n) = -7*n**3 - 16*n**2 - 13*n + 75. What are the prime factors of c(-8)?
3, 11, 83
Suppose 841 = 4*j + 36*d - 39*d, -4*d - 844 = -4*j. What are the prime factors of j?
2, 13
Suppose -13*y + 17*y - b = 2036, 5*b + 509 = y. List the prime factors of y.
509
Let y = -34 + 73. Suppose 2*x - 7*x - y = -3*b, 0 = -5*x - 3*b - 21. What are the prime factors of (4/x)/(28/(-714))?
17
Suppose 2*o + 407 = 4*g - o, -303 = -3*g + 3*o. Let y = -64 + g. What are the prime factors of y?
2, 5
Let t(p) = p**3 - 11*p**2 + 13*p - 25. Let r be t(10). Suppose -z = -4*x + 205, -r*x + z + 7 = -249. List the prime factors of x.
3, 17
Let x(u) = u**3 - 4*u**2 + 4. Let y be x(4). Suppose -317 = -y*f + 727. List the prime factors of 4/6*f/6.
29
Suppose -158*y + 22518 = -140*y. What are the prime factors of y?
3, 139
Let c(k) = k**3 + 12*k**2 - k - 12. Let r be c(-13). Let g be (r/(-35))/(4/10). Let z = g + 7.